{"id":1056,"date":"2026-02-11T05:52:35","date_gmt":"2026-02-11T05:52:35","guid":{"rendered":"https:\/\/lakiradio.me\/?page_id=1056"},"modified":"2026-02-20T12:37:39","modified_gmt":"2026-02-20T11:37:39","slug":"galerija","status":"publish","type":"page","link":"https:\/\/lakiradio.me\/?page_id=1056","title":{"rendered":"O nama"},"content":{"rendered":"\t\t<div data-elementor-type=\"wp-page\" data-elementor-id=\"1056\" class=\"elementor elementor-1056\" data-elementor-post-type=\"page\">\n\t\t\t\t<div class=\"elementor-element elementor-element-369b718 e-flex e-con-boxed e-con e-parent\" data-id=\"369b718\" data-element_type=\"container\" data-e-type=\"container\">\n\t\t\t\t\t<div class=\"e-con-inner\">\n\t\t\t\t<div class=\"elementor-element elementor-element-df76bac elementor-widget elementor-widget-vice-elementor-qt-caption\" data-id=\"df76bac\" data-element_type=\"widget\" data-e-type=\"widget\" data-widget_type=\"vice-elementor-qt-caption.default\">\n\t\t\t\t<div class=\"elementor-widget-container\">\n\t\t\t\t\t\t\t<div class=\"vice-elementor-caption vice-elementor-caption--center vice-elementor-caption--default\">\n\t\t\t<div class=\"vice-elementor-caption__c\">\n\t\t\t\t<h2 class=\"vice-caption vice-elementor-caption__txt vice-textfx-glitch\" data-vice-textfx=\"glitch\">O NAMA<\/h2>\n\t\t\t\t<div class=\"vice-caption__decor\" data-vice-textfx=\"glitch\"><hr><\/div>\n\t\t\t<\/div>\n\t\t<\/div>\n\t\t\t\t\t\t<\/div>\n\t\t\t\t<\/div>\n\t\t\t\t<div class=\"elementor-element elementor-element-ceba7ab elementor-widget elementor-widget-spacer\" data-id=\"ceba7ab\" data-element_type=\"widget\" data-e-type=\"widget\" data-widget_type=\"spacer.default\">\n\t\t\t\t\t\t\t<div class=\"elementor-spacer\">\n\t\t\t<div class=\"elementor-spacer-inner\"><\/div>\n\t\t<\/div>\n\t\t\t\t\t\t<\/div>\n\t\t\t\t<div class=\"elementor-element elementor-element-d1d0e2c elementor-widget__width-inherit elementor-widget elementor-widget-text-editor\" data-id=\"d1d0e2c\" data-element_type=\"widget\" data-e-type=\"widget\" data-widget_type=\"text-editor.default\">\n\t\t\t\t\t\t\t\t\t<h3 style=\"text-align: center;\"><strong>Laki Plus Radio<\/strong><\/h3><p style=\"text-align: center;\"><strong> Tradicija koja se \u010duje, modernost koja se osje\u0107a<\/strong><\/p><p>U srcu sjevera Crne Gore, tamo gdje se pjesma oduvijek cijenila kao lijek i spona me\u0111u ljudima, ve\u0107 vi\u0161e od decenije ponosno stoji\u00a0<strong>Laki Plus Radio<\/strong>. Na\u0161a pri\u010da po\u010dela je\u00a0<strong>2011. godine<\/strong>\u00a0pod imenom &#8222;Plus&#8220;, sa vizijom da budemo glas naroda i \u010duvari autenti\u010dnog melosa koji spaja \u010ditav region.<\/p><p><strong>Snaga koja odolijeva vremenu<\/strong><\/p><p>\u017divimo u eri nezadr\u017eive digitalizacije, u svijetu brzih informacija i hladnih algoritama. Ipak, Laki Plus Radio opstaje kao bastion \u201e\u017eive stvari\u201c. Mi smo dokaz da radio, kao medij sa du\u0161om, ne gubi bitku sa novim tehnologijama \u2013 on ih usvaja. Dok pratimo najsavremenije trendove kroz\u00a0<strong>digitalni streaming<\/strong>, ostajemo nepokolebljivo vjerni narodnoj muzici i tradiciji koja je duboko ukorijenjena u na\u0161im slu\u0161aocima, kako u Crnoj Gori, tako i \u0161irom regiona.<\/p><p><strong>Strate\u0161ki razvoj i profesionalizam<\/strong><\/p><p>Prekretnica u na\u0161em radu nastupila je\u00a0<strong>2022. godine<\/strong>, kada uz prepoznatljivo ime dodajemo\u00a0<strong>predznak LAKI<\/strong>. Ova promjena nije bila samo estetska \u2013 bio je to strate\u0161ki potez uskla\u0111en sa standardima Agencije za elektronske medije. Kako bismo izbjegli koncentraciju medija i pru\u017eili slu\u0161aocima specijalizovan, jedinstven sadr\u017eaj, potpuno smo transformisali proces razvoja radija.<\/p><p>Danas, Laki Plus Radio je simbol rentabilnosti i otpornosti. Uspje\u0161no balansiramo izme\u0111u zakonskih normi, tr\u017ei\u0161nih nameta i stalnih inovacija, ostaju\u0107i stabilan i pouzdan partner svojim slu\u0161aocima i saradnicima.<\/p><p><strong>Vrhunska produkcija i tehnologija<\/strong><\/p><p>Na\u0161 kvalitet nije slu\u010dajan. Ponosni smo na:<\/p><ul type=\"disc\"><li><strong>Dva savremeno opremljena studija<\/strong> sa vrhunskom tehnologijom italijanskih radijskih brendova.<\/li><li><strong>Sopstvenu produkciju<\/strong>\u00a0koja postavlja standarde u kreiranju sadr\u017eaja.<\/li><li><strong>Dugogodi\u0161nju saradnju<\/strong> sa brojnim renomiranim firmama i brendovima koji u nama vide stabilnog partnera poput slede\u0107ih :<p>Kips \/ Kamel Marketi \/ Auto Servis Bo\u0161kovi\u0107 \/ Op\u0161tina Bijelo Polje\u00a0 \/ TO Mojkovac \/ TO Kola\u0161in \/ Oxford Centar \/\u00a0 Logo\u0161kolica \/ Metro Obu\u0107a \/ Mirko SiE \/ Picerija Minut 2 \/ Moda Golubvi\u0107 \/ Motel Port Bu\u010d BA \/ Firma MTS \/ No Mi Firma \/ Novoprevoz \/ Optika Borovi\u0107 \/ Ogis Marketi \/ Okov \/ Pekare \u0160ar \/ Praktic Co \/ Cvje\u0107ara \u0160\u0107eki\u0107 \/ AK Medica \/ Apoteke Gu\u0161mirovi\u0107 \/ Barbosa \/ Firma Beganovi\u0107 \/ Bekom doo \/ Bitex \/ Caffe Bar Krug \/ Cakum Pakum \/ Cap Cap Brza Hrana \/ Restoran \u010cardak Bu\u010dana \/ Crnogorski Dukat \/ Dogra\u0161 CG \/ Direct Media \/ Restoran Dobre Vode \/ Klub Dva Goluba \/ Enza Home CG \/ Euro \u0160unti\u0107 \/ Fabrika Ukusa \/ Firma Femi\u0107 \/ Frizer Aki \/ Firma Haos Majstor \/ Auto Servis Mi\u0107ko \/ Hotel Splendid \/ Hotel Berane \/ Zaton Petrol \/ Butik Pink \/ PC Ipko \/ Hotel Mauntain Maison MK \/ Jela Komerc RO \/ Jonadent PE \/ Milanez Mesara \/ Burko Mesara \/ Novi Taxi \/ Austo Servis Dizdarevi\u0107 \/ Moj Taxi \/ Lejla Firma \/ Lux Ladi \/ Tip Top \/ Demi Pekara \/ Prva Banka \/ Estetic Plus \/ Restoran Tara \/ Fabrika Tara \/ Kompani Mucevi\u0107 \/ Kompanija ONE \/ Dom Cmilja\u010da \/ Bazeni Posejdon \/ Pro Mobil \/ Firma Put Gross \/ R Mobil \/ Restoran Plavsko Jezero \/ Restoran Krstac \/ Restoran Park \/ Restoran Giardino \/ Mesopromet \/ Farika Franca \/ Restoran Ravna Rijeka \/ Restoran Raj \/ Roller Taxi \/ Monteadria \/ Restora Goja \/ Caffe Slavija \/ Sorlaris doo \/ Stara Kr\u010dma Zaton \/ Super Shop \/ Trafomont \/ TTC Kompani \/ Valensija Keramika \/ Veritas doo \/ Kompanija Franca \/ Restoran Viago \/ V\u0160 Sokolac \/ Vodovod Bistrica \/ Komunalno Lim \/ Water Group \/ Yuvel Sintelon \/ Biomedica \/ Flash Taxi \/ Company Wall \/ Las Vegas Kockarnice \/ Butici Montana \/ Rapidol S \/ TDM Mix doo \/ Auto Servis BMW RR \/ Art Beton \/ Hit Taxi .<\/p><\/li><\/ul><p>Poseban doprinos na\u0161oj odr\u017eivosti daje i me\u0111unarodno iskustvo vlasnika radija. Zahvaljuju\u0107i inostranom poslovanju i viziji, uspjeli smo da prebrodimo sve kriti\u010dne momente i izrastemo u medij koji danas ponosno stoji u etru.<\/p><p><strong>Na\u0161 signal \u2013 Va\u0161a svakodnevica<\/strong><\/p><p>Iako je danas sve \u201ena klik\u201c, mi ostajemo vjerni frekvenciji koja spaja. Na\u0161 signal dominira nebom iznad\u00a0<strong>Bijelog Polja i okoline<\/strong>, regije poznate po svojoj raznolikosti i prirodnoj ljepoti. Na\u0161a misija je da doprinesemo mirnom, zdravom i lijepom \u017eivotu na\u0161ih sugra\u0111ana, a da jedini \u201eudar\u201c koji osjete bude pozitivan naboj na\u0161e muzike.<\/p><p>Dobro do\u0161li u novu eru radija. Dobro do\u0161li na\u00a0<strong>103 FM<\/strong>.<\/p><p><strong>LAKI PLUS RADIO \u2013 NARODNI UDAR!<\/strong><\/p>\t\t\t\t\t\t\t\t<\/div>\n\t\t\t\t\t<\/div>\n\t\t\t\t<\/div>\n\t\t\t\t<\/div>\n\t\t","protected":false},"excerpt":{"rendered":"<p>O NAMA Laki Plus Radio Tradicija koja se \u010duje, modernost koja se osje\u0107a U srcu sjevera Crne Gore, tamo gdje se pjesma oduvijek cijenila kao lijek i spona me\u0111u ljudima, ve\u0107 vi\u0161e od decenije ponosno stoji\u00a0Laki Plus Radio. Na\u0161a pri\u010da po\u010dela je\u00a02011. godine\u00a0pod imenom &#8222;Plus&#8220;, sa vizijom da budemo glas ...<\/p>\n","protected":false},"author":1,"featured_media":0,"parent":0,"menu_order":0,"comment_status":"closed","ping_status":"closed","template":"elementor_header_footer","meta":{"pagelayer_contact_templates":[],"_pagelayer_content":"","footnotes":""},"class_list":["post-1056","page","type-page","status-publish","hentry"],"_links":{"self":[{"href":"https:\/\/lakiradio.me\/index.php?rest_route=\/wp\/v2\/pages\/1056","targetHints":{"allow":["GET"]}}],"collection":[{"href":"https:\/\/lakiradio.me\/index.php?rest_route=\/wp\/v2\/pages"}],"about":[{"href":"https:\/\/lakiradio.me\/index.php?rest_route=\/wp\/v2\/types\/page"}],"author":[{"embeddable":true,"href":"https:\/\/lakiradio.me\/index.php?rest_route=\/wp\/v2\/users\/1"}],"replies":[{"embeddable":true,"href":"https:\/\/lakiradio.me\/index.php?rest_route=%2Fwp%2Fv2%2Fcomments&post=1056"}],"version-history":[{"count":51,"href":"https:\/\/lakiradio.me\/index.php?rest_route=\/wp\/v2\/pages\/1056\/revisions"}],"predecessor-version":[{"id":1667,"href":"https:\/\/lakiradio.me\/index.php?rest_route=\/wp\/v2\/pages\/1056\/revisions\/1667"}],"wp:attachment":[{"href":"https:\/\/lakiradio.me\/index.php?rest_route=%2Fwp%2Fv2%2Fmedia&parent=1056"}],"curies":[{"name":"wp","href":"https:\/\/api.w.org\/{rel}","templated":true}]}}