{"id":880,"date":"2026-02-10T20:38:16","date_gmt":"2026-02-10T20:38:16","guid":{"rendered":"https:\/\/lakiradio.me\/?page_id=880"},"modified":"2026-02-18T13:36:26","modified_gmt":"2026-02-18T12:36:26","slug":"kontakt","status":"publish","type":"page","link":"https:\/\/lakiradio.me\/?page_id=880","title":{"rendered":"Kontakt"},"content":{"rendered":"\t\t<div data-elementor-type=\"wp-page\" data-elementor-id=\"880\" class=\"elementor elementor-880\" data-elementor-post-type=\"page\">\n\t\t\t\t<div class=\"elementor-element elementor-element-1f16cdd e-flex e-con-boxed e-con e-parent\" data-id=\"1f16cdd\" data-element_type=\"container\" data-e-type=\"container\">\n\t\t\t\t\t<div class=\"e-con-inner\">\n\t\t\t\t<div class=\"elementor-element elementor-element-7692797 elementor-widget elementor-widget-vice-elementor-qt-caption\" data-id=\"7692797\" data-element_type=\"widget\" data-e-type=\"widget\" data-widget_type=\"vice-elementor-qt-caption.default\">\n\t\t\t\t<div class=\"elementor-widget-container\">\n\t\t\t\t\t\t\t<div class=\"vice-elementor-caption vice-elementor-caption--center vice-elementor-caption--default\">\n\t\t\t<div class=\"vice-elementor-caption__c\">\n\t\t\t\t<h2 class=\"vice-caption vice-elementor-caption__txt vice-textfx-glitch\" data-vice-textfx=\"glitch\">Kontakt<\/h2>\n\t\t\t\t<div class=\"vice-caption__decor\" data-vice-textfx=\"glitch\"><hr><\/div>\n\t\t\t<\/div>\n\t\t<\/div>\n\t\t\t\t\t\t<\/div>\n\t\t\t\t<\/div>\n\t\t\t\t\t<\/div>\n\t\t\t\t<\/div>\n\t\t<div class=\"elementor-element elementor-element-23dfd1e e-flex e-con-boxed e-con e-parent\" data-id=\"23dfd1e\" data-element_type=\"container\" data-e-type=\"container\">\n\t\t\t\t\t<div class=\"e-con-inner\">\n\t\t\t\t<div class=\"elementor-element elementor-element-76f8742 elementor-widget elementor-widget-spacer\" data-id=\"76f8742\" data-element_type=\"widget\" data-e-type=\"widget\" data-widget_type=\"spacer.default\">\n\t\t\t\t\t\t\t<div class=\"elementor-spacer\">\n\t\t\t<div class=\"elementor-spacer-inner\"><\/div>\n\t\t<\/div>\n\t\t\t\t\t\t<\/div>\n\t\t<div class=\"elementor-element elementor-element-0359c0d e-grid e-con-full e-con e-child\" data-id=\"0359c0d\" data-element_type=\"container\" data-e-type=\"container\">\n\t\t\t\t<div class=\"elementor-element elementor-element-50a6806 elementor-widget__width-initial elementor-widget elementor-widget-text-editor\" data-id=\"50a6806\" data-element_type=\"widget\" data-e-type=\"widget\" data-widget_type=\"text-editor.default\">\n\t\t\t\t\t\t\t\t\t<p style=\"text-align: center;\">Ukoliko \u017eelite da ostvarimo saradnju, mo\u017eete nam pisati pomo\u0107u kontakt forme na desnoj strani ili nas pozvati.<\/p><h5 class=\"elementor-icon-box-title\" style=\"text-align: center;\">MOBILNI<\/h5><p class=\"elementor-icon-box-description\" style=\"text-align: center;\">+382 67 107 107<\/p><h5 class=\"elementor-icon-box-title\" style=\"text-align: center;\">EMAIL<\/h5><p class=\"elementor-icon-box-description\" style=\"text-align: center;\">info@lakiradio.me<\/p><h5 class=\"elementor-icon-box-title\" style=\"text-align: center;\">WHATSAPP<\/h5><p class=\"elementor-icon-box-description\" style=\"text-align: center;\">+382 67 333 110<\/p><p class=\"elementor-icon-box-description\" style=\"text-align: center;\">Dobrodo\u0161li!\u00a0<\/p>\t\t\t\t\t\t\t\t<\/div>\n\t\t\t\t<div class=\"elementor-element elementor-element-1277c36 elementor-widget elementor-widget-vice-elementor-qt-cf7\" data-id=\"1277c36\" data-element_type=\"widget\" data-e-type=\"widget\" data-widget_type=\"vice-elementor-qt-cf7.default\">\n\t\t\t\t<div class=\"elementor-widget-container\">\n\t\t\t\t\t\n<div class=\"wpcf7 no-js\" id=\"wpcf7-f9-o1\" lang=\"en-US\" dir=\"ltr\" data-wpcf7-id=\"9\">\n<div class=\"screen-reader-response\"><p role=\"status\" aria-live=\"polite\" aria-atomic=\"true\"><\/p> <ul><\/ul><\/div>\n<form action=\"\/index.php?rest_route=%2Fwp%2Fv2%2Fpages%2F880#wpcf7-f9-o1\" method=\"post\" class=\"wpcf7-form init\" aria-label=\"Contact form\" novalidate=\"novalidate\" data-status=\"init\">\n<fieldset class=\"hidden-fields-container\"><input type=\"hidden\" name=\"_wpcf7\" value=\"9\" \/><input type=\"hidden\" name=\"_wpcf7_version\" value=\"6.1.5\" \/><input type=\"hidden\" name=\"_wpcf7_locale\" value=\"en_US\" \/><input type=\"hidden\" name=\"_wpcf7_unit_tag\" value=\"wpcf7-f9-o1\" \/><input type=\"hidden\" name=\"_wpcf7_container_post\" value=\"0\" \/><input type=\"hidden\" name=\"_wpcf7_posted_data_hash\" value=\"\" \/>\n<\/fieldset>\n<p><label> Ime i Prezime<br \/>\n<span class=\"wpcf7-form-control-wrap\" data-name=\"your-name\"><input size=\"40\" maxlength=\"400\" class=\"wpcf7-form-control wpcf7-text wpcf7-validates-as-required\" autocomplete=\"name\" aria-required=\"true\" aria-invalid=\"false\" value=\"\" type=\"text\" name=\"your-name\" \/><\/span> <\/label>\n<\/p>\n<p><label> Va\u0161 email<br \/>\n<span class=\"wpcf7-form-control-wrap\" data-name=\"your-email\"><input size=\"40\" maxlength=\"400\" class=\"wpcf7-form-control wpcf7-email wpcf7-validates-as-required wpcf7-text wpcf7-validates-as-email\" autocomplete=\"email\" aria-required=\"true\" aria-invalid=\"false\" value=\"\" type=\"email\" name=\"your-email\" \/><\/span> <\/label>\n<\/p>\n<p><label> Tema<br \/>\n<span class=\"wpcf7-form-control-wrap\" data-name=\"your-subject\"><input size=\"40\" maxlength=\"400\" class=\"wpcf7-form-control wpcf7-text wpcf7-validates-as-required\" aria-required=\"true\" aria-invalid=\"false\" value=\"\" type=\"text\" name=\"your-subject\" \/><\/span> <\/label>\n<\/p>\n<p><label> Va\u0161a poruka (optional)<br \/>\n<span class=\"wpcf7-form-control-wrap\" data-name=\"your-message\"><textarea cols=\"40\" rows=\"10\" maxlength=\"2000\" class=\"wpcf7-form-control wpcf7-textarea\" aria-invalid=\"false\" name=\"your-message\"><\/textarea><\/span> <\/label>\n<\/p>\n<p><input class=\"wpcf7-form-control wpcf7-submit has-spinner\" type=\"submit\" value=\"Po\u0161alji\" \/>\n<\/p><p style=\"display: none !important;\" class=\"akismet-fields-container\" data-prefix=\"_wpcf7_ak_\"><label>&#916;<textarea name=\"_wpcf7_ak_hp_textarea\" cols=\"45\" rows=\"8\" maxlength=\"100\"><\/textarea><\/label><input type=\"hidden\" id=\"ak_js_1\" name=\"_wpcf7_ak_js\" value=\"202\"\/><script>document.getElementById( \"ak_js_1\" ).setAttribute( \"value\", ( new Date() ).getTime() );<\/script><\/p><div class=\"wpcf7-response-output\" aria-hidden=\"true\"><\/div>\n<\/form>\n<\/div>\n\t\t\t\t<\/div>\n\t\t\t\t<\/div>\n\t\t\t\t<div class=\"elementor-element elementor-element-68bc41f elementor-widget elementor-widget-html\" data-id=\"68bc41f\" data-element_type=\"widget\" data-e-type=\"widget\" data-widget_type=\"html.default\">\n\t\t\t\t\t<iframe src=\"https:\/\/www.google.com\/maps\/embed?pb=!1m18!1m12!1m3!1d2917.948688415782!2d19.782316899999994!3d43.000415!2m3!1f0!2f0!3f0!3m2!1i1024!2i768!4f13.1!3m3!1m2!1s0x1352a350f9ae5c39%3A0x7e0163739f64676e!2sLAKI%20PLUS%20RADIO!5e0!3m2!1ssr!2srs!4v1770791780867!5m2!1ssr!2srs\" width=\"600\" height=\"450\" style=\"border:0;\" allowfullscreen=\"\" loading=\"lazy\" referrerpolicy=\"no-referrer-when-downgrade\"><\/iframe>\t\t\t\t<\/div>\n\t\t\t\t<\/div>\n\t\t\t\t\t<\/div>\n\t\t\t\t<\/div>\n\t\t<div class=\"elementor-element elementor-element-091ca44 e-flex e-con-boxed e-con e-parent\" data-id=\"091ca44\" data-element_type=\"container\" data-e-type=\"container\">\n\t\t\t\t\t<div class=\"e-con-inner\">\n\t\t\t\t<div class=\"elementor-element elementor-element-c8591e6 elementor-widget elementor-widget-vice-elementor-moderngallery\" data-id=\"c8591e6\" data-element_type=\"widget\" data-e-type=\"widget\" data-widget_type=\"vice-elementor-moderngallery.default\">\n\t\t\t\t<div class=\"elementor-widget-container\">\n\t\t\t\t\t\n\t\t\t<div id=\"vice-elementor-moderngallery-grid-880-df48c310ad49a4653826a0a1933a8240\" class=\"vice-elementor-owl-carousel-container vice-modernslider vice-modernslider--moderngallery\">\n\t\t\t\t<div id=\"vice-elementor-moderngallery-el-880-df48c310ad49a4653826a0a1933a8240\" class=\"vice-elementor-owl-carousel owl-carousel owl-theme vice-elementor-owl-theme\" \n\t\t\t\t\tdata-vice-animation3d=\"\"\n\t\t\t\t\tdata-vicefx=\"\"\n\t\t\t\t\tdata-indexslide=\"1\"\n\t\t\t\t\tdata-items=\"1\"\n\t\t\t\t\tdata-items_tablet=\"1\"\n\t\t\t\t\tdata-items_mobile=\"1\"\n\t\t\t\t\tdata-items_mobile_hori=\"1\"\n\t\t\t\t\tdata-gap=\"0\"\n\t\t\t\t\tdata-pause_on_hover=\"true\"\n\t\t\t\t\tdata-loop=\"true\" \n\t\t\t\t\tdata-center=\"true\" \n\t\t\t\t\tdata-stage_padding=\"0\"\n\t\t\t\t\tdata-nav=\"true\"\n\t\t\t\t\tdata-dots=\"true\" \n\t\t\t\t\tdata-autoplay_timeout=\"4000\" \n\t\t\t\t\tdata-amount=\"1\">\n\t\t\t\t\t\t\t\t\t\t\t<div class=\"vice-elementor-item vice-3d-element\" data-index=\"1\">\n\t\t\t\t\t\t\t<div class=\"vice-modernslider-item vice-modernslider-item--moderngallery\">\n\t<span class=\"vice-separator vice-separator--number\"><span>01<\/span><\/span>\t<div class=\"vice-modernslider-item__thumbnail\">\n\t\t<a href=\"https:\/\/lakiradio.me\/wp-content\/uploads\/2026\/02\/20231231_165540b-1-1024x768.jpg\">\n\t\t\t<div class=\"vice-modernslider-item__thumbnail__box vice-imgfx--\" data-vice-imgfx=\"\" >\n\t\t\t\t<img decoding=\"async\" src=\"https:\/\/lakiradio.me\/wp-content\/uploads\/2026\/02\/20231231_165540b-1.jpg\">\n\t\t\t<\/div>\n\t\t<\/a>\n\t<\/div>\n\t<span class=\"vice-separator\"><\/span><\/div>\t\t\t\t\t\t<\/div>\n\t\t\t\t\t\t\t\t\t\t<\/div>\n\t\t\t<\/div>\n\t\t\t\t\t\t\t<\/div>\n\t\t\t\t<\/div>\n\t\t\t\t\t<\/div>\n\t\t\t\t<\/div>\n\t\t\t\t<\/div>\n\t\t","protected":false},"excerpt":{"rendered":"<p>Kontakt Ukoliko \u017eelite da ostvarimo saradnju, mo\u017eete nam pisati pomo\u0107u kontakt forme na desnoj strani ili nas pozvati. MOBILNI +382 67 107 107 EMAIL info@lakiradio.me WHATSAPP +382 67 333 110 Dobrodo\u0161li!\u00a0 Ime i Prezime Va\u0161 email Tema Va\u0161a poruka (optional) &#916; 01<\/p>\n","protected":false},"author":1,"featured_media":0,"parent":0,"menu_order":0,"comment_status":"closed","ping_status":"closed","template":"elementor_header_footer","meta":{"pagelayer_contact_templates":[],"_pagelayer_content":"","footnotes":""},"class_list":["post-880","page","type-page","status-publish","hentry"],"_links":{"self":[{"href":"https:\/\/lakiradio.me\/index.php?rest_route=\/wp\/v2\/pages\/880","targetHints":{"allow":["GET"]}}],"collection":[{"href":"https:\/\/lakiradio.me\/index.php?rest_route=\/wp\/v2\/pages"}],"about":[{"href":"https:\/\/lakiradio.me\/index.php?rest_route=\/wp\/v2\/types\/page"}],"author":[{"embeddable":true,"href":"https:\/\/lakiradio.me\/index.php?rest_route=\/wp\/v2\/users\/1"}],"replies":[{"embeddable":true,"href":"https:\/\/lakiradio.me\/index.php?rest_route=%2Fwp%2Fv2%2Fcomments&post=880"}],"version-history":[{"count":22,"href":"https:\/\/lakiradio.me\/index.php?rest_route=\/wp\/v2\/pages\/880\/revisions"}],"predecessor-version":[{"id":1477,"href":"https:\/\/lakiradio.me\/index.php?rest_route=\/wp\/v2\/pages\/880\/revisions\/1477"}],"wp:attachment":[{"href":"https:\/\/lakiradio.me\/index.php?rest_route=%2Fwp%2Fv2%2Fmedia&parent=880"}],"curies":[{"name":"wp","href":"https:\/\/api.w.org\/{rel}","templated":true}]}}